d)?
5
Suppose 2*b = 2 + 34. Calculate the remainder when 69 is divided by b.
15
Let h(k) = 12 + 8*k + 4 + 6*k**3 - k**2 - 7*k**2 - 7*k**3. Suppose 3*g - g - 4*b = 18, -36 = -2*g - 5*b. Calculate the remainder when h(-9) is divided by g.
12
Let v = 5 - 1. Suppose -182 = -v*a + 102. What is the remainder when a is divided by 18?
17
Suppose y + 0 = r + 1, -5*y - 4*r = -23. Calculate the remainder when 4 is divided by y.
1
Suppose 2*f - 122 = -0*f. What is the remainder when f is divided by -42*(1 - (-3)/(-2))?
19
Let u(t) = 2*t**2 - 3*t - 3. Calculate the remainder when u(4) is divided by 10.
7
Suppose -22*j + 25*j - 33 = 0. Calculate the remainder when 20 is divided by j.
9
Let d(b) = 2*b**2 - 5*b + 2. Let t be d(3). Let a be (5/1)/(1/t). Suppose a + 0 = -5*q, -3*p + 2*q + 37 = 0. What is the remainder when 16 is divided by p?
7
Suppose 4*f - 514 = -78. Calculate the remainder when f is divided by 22.
21
Let h be 4/6*4*15. Suppose 0*g = -4*g + h. Let n = 8 + -4. What is the remainder when g is divided by n?
2
Suppose 5*m = 2*c - 32 - 27, -5 = m. Let o(p) = -6*p + 13. Calculate the remainder when o(-3) is divided by c.
14
Let j = 17 - 6. Calculate the remainder when 43 is divided by j.
10
Suppose -2*h = 7*h - 117. What is the remainder when 62 is divided by h?
10
Suppose -3*v - 2*d = -10, v = 3*d + 2*d + 9. Calculate the remainder when (0 - 2/(-4))*22 is divided by v.
3
Let x(o) be the second derivative of 2*o**4/3 + 6*o. Let t(z) = z + 17. Calculate the remainder when x(-2) is divided by t(0).
15
Let i(a) = -a**2 - 6*a - 6. Let s be i(-5). Suppose -1 + 4 = 3*f, -f = w - 16. Calculate the remainder when (29/(-2))/(s/2) is divided by w.
14
Suppose -u - 178 + 209 = 0. Calculate the remainder when 116 is divided by u.
23
Suppose -3*v + 219 = 2*l + l, 0 = -5*l - 10. Let j = v - -6. Calculate the remainder when j is divided by 21.
18
Let j = -9 + 14. Suppose -t = -j*t + 76. Calculate the remainder when t is divided by 7.
5
Suppose 7*i = 3*i + 36. Let j(x) = -x + 57. What is the remainder when j(13) is divided by i?
8
Let v = 15 - 11. Let y = 2 + v. Calculate the remainder when (4/(-2))/(y/(-117)) is divided by 14.
11
Let i = 146 - 141. Suppose -2*d = q + q - 10, 20 = 3*d + 4*q. Suppose d = -2*y + y + 14. Calculate the remainder when y is divided by i.
4
What is the remainder when (6/5)/(4/130) is divided by 11?
6
Suppose 6*y - 143 = -47. What is the remainder when 76 is divided by y?
12
Suppose 2*x - 6 = 94. What is the remainder when 23 is divided by (-18)/(-5)*x/15?
11
What is the remainder when 0 + 3 - 0 - (-8 - 12) is divided by ((-48)/(-15))/(2/5)?
7
Suppose 4*o + 4*z - 512 = 0, o - 3*z - 38 = 110. What is the remainder when o is divided by 27?
25
Let s(h) = 5*h**3 - h**2 - h - 2. Let u(r) = 4*r + 1. Calculate the remainder when s(2) is divided by u(4).
15
Suppose -3 = 3*i - 9, -15 = -u - i. What is the remainder when 102 is divided by u?
11
Suppose -146 = -5*o + 304. What is the remainder when o is divided by 31?
28
Let n = -21 - -18. Let a(h) = 4*h**2 + 5*h + 2. Calculate the remainder when a(n) is divided by 13.
10
Let d = 7 + 0. Let z = d - 1. Calculate the remainder when z is divided by 2.
0
Suppose 17*h = 16*h + 11. What is the remainder when h is divided by (-2)/(-9) - 61/(-9)?
4
Let t be 10/(-2*3/(-6)). Let b = -7 + t. Suppose 2*d - 38 = -b*a, -1 = 2*a + 2*d - 29. Calculate the remainder when 29 is divided by a.
9
Calculate the remainder when 0/2 + 6/((-12)/(-74)) is divided by 13.
11
Let i(h) be the first derivative of -3*h**2/2 + 5*h + 4. Calculate the remainder when i(-6) is divided by 13.
10
Let i = 31 - 24. Calculate the remainder when 12 is divided by i.
5
Let q(t) = 10*t - 8. Calculate the remainder when q(6) is divided by 5.
2
Let q = 12 - 8. Let h(j) = j**3 - 5*j**2 + 2*j + 5. Let z be h(4). Let i = z + q. Calculate the remainder when i is divided by 1.
0
Let c(s) = 3*s**2 - 1. Suppose 4*w - 76 + 12 = 0. What is the remainder when c(4) is divided by w?
15
Let x = 8 - 10. Calculate the remainder when -1*x/(-4)*-44 is divided by 12.
10
Let z = -47 - -80. Let q = 3 + -1. Suppose q*d - 34 = -0. Calculate the remainder when z is divided by d.
16
Let s = 6 + -1. What is the remainder when 7 is divided by s?
2
Suppose -5*n + 3*n = -12. Calculate the remainder when 27 is divided by n.
3
Suppose -i + 2*i + 2 = 0. Let y be -1*(i + 1)*17. Let x = y - -9. Calculate the remainder when x is divided by 14.
12
Let m(z) = z**2 - 5*z + 9. Suppose k + 3*i = -3, 0*k - 24 = -2*k + 4*i. Suppose -5 + 0 = -5*o, o = 5*w - 39. Calculate the remainder when m(k) is divided by w.
7
Suppose -1 = -r + 3. Suppose 1 = -l + r*d + 16, 0 = 3*l - 2*d - 45. Calculate the remainder when l is divided by 8.
7
Suppose -4 = -d - d. What is the remainder when 1/(0 + d/46) is divided by 12?
11
Let p(v) = -v + 11. Let z = -16 - -24. What is the remainder when 10 is divided by p(z)?
1
Let w(f) = f**2 + f. Let z be w(1). Suppose z*h = -3*v + h + 22, 0 = v + h - 4. Calculate the remainder when 34 is divided by v.
7
Suppose 4*j - 50 = -3*k, 0 = -5*k - 2*j + 4*j + 66. Suppose 0 = 5*r - 360 + 95. Calculate the remainder when r is divided by k.
11
Suppose -2*o = 2*v - 18, -2*o = 2*v - v - 17. Let g = -5 + o. Calculate the remainder when g is divided by 2.
1
What is the remainder when 83 is divided by 49/14*(1 - (0 - 5))?
20
Let i(j) = -4*j + 153. Calculate the remainder when i(0) is divided by 11.
10
Suppose 78 + 90 = 4*k. What is the remainder when k is divided by 9?
6
Let u be 8 + 6/((-2)/(-1)). Suppose 5 = v, -3*v - u = -0*h - 2*h. What is the remainder when 50 is divided by h?
11
Let u be 3 - 1/((-3)/(-21)). Let k = 2 - u. What is the remainder when 21 is divided by k?
3
Let c(b) = -14*b + 1. Suppose -3*y = -6, -5*j + 4*j - y + 1 = 0. What is the remainder when -4 - -3*(-47)/(-3) is divided by c(j)?
13
Suppose -5*w + 156 = 36. Let f(n) = 3*n**2 - 6*n - 7. Let k be f(6). Suppose 4*v - k = -v. Calculate the remainder when w is divided by v.
11
Let x(u) = -2*u**2 + 5*u - 4. Let v be x(4). Let f be 26/8 - (-4)/v. Let b(i) = 8*i - 1. Calculate the remainder when b(f) is divided by 8.
7
Suppose -3*n = -3*d, -2*d - 2*d = -5*n + 3. Suppose -4*h - g = -47, 3*g - 15 = -n*h + 27. Calculate the remainder when h is divided by 6.
5
Suppose 5*f = 612 + 568. Suppose -f = 2*o - 6*o. What is the remainder when o is divided by 20?
19
Suppose -5*c + 4*t + 74 = -4, 4*c = -3*t + 81. What is the remainder when 53 is divided by c?
17
Suppose -2*r = -0*r. Suppose r = -4*b + 5*b - 5. Suppose b*g = 5*l - 40, -16 = -3*l + 2*g - g. Calculate the remainder when 10 is divided by l.
2
Let y(s) = -s**2 - 8*s + 2. Let p be y(-8). Suppose -5*o - 2 = 3*c - 0, -p*o + 16 = 4*c. Calculate the remainder when 17 is divided by c.
5
Let m(b) = b**2 - 6*b - 10. Let a be m(8). Suppose -j + 4*j - a = 0. Calculate the remainder when ((-1)/j)/(1/(-38)) is divided by 10.
9
Let p(y) = 2*y - 4. Let f = -8 - 16. Let g = -16 - f. What is the remainder when 22 is divided by p(g)?
10
Suppose 12 = 3*n, -4*w + 3*n + 13 = -3. Let y be (w/2)/((-3)/6). Let r(l) = -5*l - 3. Calculate the remainder when r(y) is divided by 11.
10
Let z = -2 + 11. Let c = z - 7. Suppose -6 = -2*p - 2. What is the remainder when p is divided by c?
0
Let w(q) = q**2 - 3*q + 1. Let g(t) = -9*t - 12. Let y(j) = 8*j + 11. Let x(d) = 6*g(d) + 7*y(d). Calculate the remainder when x(8) is divided by w(5).
10
Let l(p) = -p - 5. Calculate the remainder when 19 is divided by l(-12).
5
Let l(d) = -d**3 + 6*d**2 - 3*d + 10. Calculate the remainder when 59 is divided by l(5).
19
Let y(q) = -q**3 + 5*q**2 + 9*q + 3. Suppose 0 = -6*w + 3*w + 15. Calculate the remainder when y(w) is divided by 13.
9
Suppose 3*p + 2*p + 5*v - 50 = 0, -4*p - 3*v + 41 = 0. What is the remainder when 42 is divided by p?
9
Suppose -5*p + 4*p = 0. Suppose 4*m - 275 + 91 = p. Calculate the remainder when m is divided by 24.
22
Suppose -9 = -c - 2*c. Let u = 2 + 3. Suppose -z - 2 = -v + 1, u*v = z + 31. What is the remainder when v is divided by c?
1
Let z = 45 + 8. What is the remainder when z is divided by 18?
17
Let b = 27 - 16. Suppose -3*k - 6 = w, 4*k + 7 + 2 = -w. Let s(n) = -11*n - 2. What is the remainder when s(k) is divided by b?
9
Let g = 80 - 67. Calculate the remainder when 24 is